{"id":997,"date":"2025-10-29T19:22:30","date_gmt":"2025-10-29T22:22:30","guid":{"rendered":"https:\/\/hydrastoretcg.cl\/?post_type=product&#038;p=997"},"modified":"2025-12-04T16:38:11","modified_gmt":"2025-12-04T19:38:11","slug":"teach-sticker-collection-white-flare-ingles","status":"publish","type":"product","link":"https:\/\/hydrastoretcg.cl\/?product=teach-sticker-collection-white-flare-ingles","title":{"rendered":"Teach Sticker Collection &#8211; White Flare &#8211; Ingl\u00e9s"},"content":{"rendered":"<p>Gothitelle pudo ver que en su futuro est\u00e1 en tus manos con este nuevo producto de Pok\u00e9mon TCG. Descubre todas sus evoluciones en su set de stickers y sobres.<\/p>\n<p>Este producto incluye:<\/p>\n<ul>\n<li>1 carta promocional hologr\u00e1fica de Gothitelle.<\/li>\n<li>1 set de stickers.<\/li>\n<li>3 sobres de refuerzo de White Flare.<\/li>\n<\/ul>\n","protected":false},"excerpt":{"rendered":"<p>Gothitelle pudo ver que en su futuro est\u00e1 en tus manos con este nuevo producto de Pok\u00e9mon TCG. Descubre todas sus evoluciones en su set de stickers y sobres. Este producto incluye: 1 carta promocional hologr\u00e1fica de Gothitelle. 1 set de stickers. 3 sobres de refuerzo de White Flare.<\/p>\n","protected":false},"featured_media":998,"template":"","meta":[],"product_brand":[52],"product_cat":[28,26],"product_tag":[38,48],"class_list":{"0":"post-997","1":"product","2":"type-product","3":"status-publish","4":"has-post-thumbnail","6":"product_brand-pokemon-tcg","7":"product_cat-pokemon","8":"product_cat-tcg","9":"product_tag-pokemon","10":"product_tag-tcg","12":"first","13":"outofstock","14":"taxable","15":"shipping-taxable","16":"purchasable","17":"product-type-simple"},"jetpack_sharing_enabled":true,"_links":{"self":[{"href":"https:\/\/hydrastoretcg.cl\/index.php?rest_route=\/wp\/v2\/product\/997","targetHints":{"allow":["GET"]}}],"collection":[{"href":"https:\/\/hydrastoretcg.cl\/index.php?rest_route=\/wp\/v2\/product"}],"about":[{"href":"https:\/\/hydrastoretcg.cl\/index.php?rest_route=\/wp\/v2\/types\/product"}],"wp:featuredmedia":[{"embeddable":true,"href":"https:\/\/hydrastoretcg.cl\/index.php?rest_route=\/wp\/v2\/media\/998"}],"wp:attachment":[{"href":"https:\/\/hydrastoretcg.cl\/index.php?rest_route=%2Fwp%2Fv2%2Fmedia&parent=997"}],"wp:term":[{"taxonomy":"product_brand","embeddable":true,"href":"https:\/\/hydrastoretcg.cl\/index.php?rest_route=%2Fwp%2Fv2%2Fproduct_brand&post=997"},{"taxonomy":"product_cat","embeddable":true,"href":"https:\/\/hydrastoretcg.cl\/index.php?rest_route=%2Fwp%2Fv2%2Fproduct_cat&post=997"},{"taxonomy":"product_tag","embeddable":true,"href":"https:\/\/hydrastoretcg.cl\/index.php?rest_route=%2Fwp%2Fv2%2Fproduct_tag&post=997"}],"curies":[{"name":"wp","href":"https:\/\/api.w.org\/{rel}","templated":true}]}}