{"id":977,"date":"2025-10-28T14:33:38","date_gmt":"2025-10-28T17:33:38","guid":{"rendered":"https:\/\/hydrastoretcg.cl\/?post_type=product&#038;p=977"},"modified":"2026-04-02T12:56:17","modified_gmt":"2026-04-02T15:56:17","slug":"booster-bundle-mega-evolution-espanol","status":"publish","type":"product","link":"https:\/\/hydrastoretcg.cl\/?product=booster-bundle-mega-evolution-espanol","title":{"rendered":"Booster Bundle &#8211; Mega Evolution &#8211; Espa\u00f1ol"},"content":{"rendered":"<p>Las Mega Evoluciones llegaron para hacerte mucho m\u00e1s fuerte como entrenador. Descubre un mundo nuevo de Pok\u00e9mon TCG que trae consigo el m\u00e1ximo potencial de Pok\u00e9mon para tu equipo. El bundle incluye 6 sobres de 10 cartas de la nueva edici\u00f3n Mega Evolution de Pok\u00e9mon JCC.<\/p>\n","protected":false},"excerpt":{"rendered":"<p>Las Mega Evoluciones llegaron para hacerte mucho m\u00e1s fuerte como entrenador. Descubre un mundo nuevo de Pok\u00e9mon TCG que trae consigo el m\u00e1ximo potencial de Pok\u00e9mon para tu equipo. El bundle incluye 6 sobres de 10 cartas de la nueva edici\u00f3n Mega Evolution de Pok\u00e9mon JCC.<\/p>\n","protected":false},"featured_media":978,"template":"","meta":[],"product_brand":[52],"product_cat":[165,28,26],"product_tag":[60,61,100],"class_list":{"0":"post-977","1":"product","2":"type-product","3":"status-publish","4":"has-post-thumbnail","6":"product_brand-pokemon-tcg","7":"product_cat-megaevolution","8":"product_cat-pokemon","9":"product_cat-tcg","10":"product_tag-booster","11":"product_tag-bundle","12":"product_tag-megaevoluciones","14":"first","15":"outofstock","16":"taxable","17":"shipping-taxable","18":"purchasable","19":"product-type-simple"},"jetpack_sharing_enabled":true,"_links":{"self":[{"href":"https:\/\/hydrastoretcg.cl\/index.php?rest_route=\/wp\/v2\/product\/977","targetHints":{"allow":["GET"]}}],"collection":[{"href":"https:\/\/hydrastoretcg.cl\/index.php?rest_route=\/wp\/v2\/product"}],"about":[{"href":"https:\/\/hydrastoretcg.cl\/index.php?rest_route=\/wp\/v2\/types\/product"}],"wp:featuredmedia":[{"embeddable":true,"href":"https:\/\/hydrastoretcg.cl\/index.php?rest_route=\/wp\/v2\/media\/978"}],"wp:attachment":[{"href":"https:\/\/hydrastoretcg.cl\/index.php?rest_route=%2Fwp%2Fv2%2Fmedia&parent=977"}],"wp:term":[{"taxonomy":"product_brand","embeddable":true,"href":"https:\/\/hydrastoretcg.cl\/index.php?rest_route=%2Fwp%2Fv2%2Fproduct_brand&post=977"},{"taxonomy":"product_cat","embeddable":true,"href":"https:\/\/hydrastoretcg.cl\/index.php?rest_route=%2Fwp%2Fv2%2Fproduct_cat&post=977"},{"taxonomy":"product_tag","embeddable":true,"href":"https:\/\/hydrastoretcg.cl\/index.php?rest_route=%2Fwp%2Fv2%2Fproduct_tag&post=977"}],"curies":[{"name":"wp","href":"https:\/\/api.w.org\/{rel}","templated":true}]}}