{"id":966,"date":"2025-10-28T14:20:01","date_gmt":"2025-10-28T17:20:01","guid":{"rendered":"https:\/\/hydrastoretcg.cl\/?post_type=product&#038;p=966"},"modified":"2026-04-02T12:56:17","modified_gmt":"2026-04-02T15:56:17","slug":"elite-trainer-box-mega-gardeboir-mega-evolution-ingles","status":"publish","type":"product","link":"https:\/\/hydrastoretcg.cl\/?product=elite-trainer-box-mega-gardeboir-mega-evolution-ingles","title":{"rendered":"Elite Trainer Box &#8211; Mega Gardevoir Mega Evolution &#8211; Ingl\u00e9s."},"content":{"rendered":"<p>Las Mega Evoluciones llegaron para hacerte mucho m\u00e1s fuerte como entrenador. Descubre un mundo nuevo de Pok\u00e9mon TCG que trae consigo el m\u00e1ximo potencial de Pok\u00e9mon para tu equipo.<\/p>\n<p>Este ETB contiene:<\/p>\n<ul>\n<li>9 sobres de mejora Mega Evoluci\u00f3n.<\/li>\n<li>1 carta promo foil full art de Alakazam.<\/li>\n<li>65 fundas para cartas de Mega Gardeboir.<\/li>\n<li>40 cartas de energ\u00eda.<\/li>\n<li>1 gu\u00eda para jugadores de la expansi\u00f3n.<\/li>\n<li>6 dados contadores de da\u00f1o.<\/li>\n<li>1 dado lanzamiento de moneda.<\/li>\n<li>1 moneda met\u00e1lica de Mega Gardeboir.<\/li>\n<li>1 caja de coleccionista con 6 divisores.<\/li>\n<li>1 c\u00f3digo para jugar online.<\/li>\n<\/ul>\n","protected":false},"excerpt":{"rendered":"<p>Las Mega Evoluciones llegaron para hacerte mucho m\u00e1s fuerte como entrenador. Descubre un mundo nuevo de Pok\u00e9mon TCG que trae consigo el m\u00e1ximo potencial de Pok\u00e9mon para tu equipo. Este ETB contiene: 9 sobres de mejora Mega Evoluci\u00f3n. 1 carta promo foil full art de Alakazam. 65 fundas para cartas de Mega Gardeboir. 40 cartas [&hellip;]<\/p>\n","protected":false},"featured_media":968,"template":"","meta":[],"product_brand":[52],"product_cat":[165,28,26],"product_tag":[90,101,100,38],"class_list":{"0":"post-966","1":"product","2":"type-product","3":"status-publish","4":"has-post-thumbnail","6":"product_brand-pokemon-tcg","7":"product_cat-megaevolution","8":"product_cat-pokemon","9":"product_cat-tcg","10":"product_tag-etb","11":"product_tag-gardeboir","12":"product_tag-megaevoluciones","13":"product_tag-pokemon","15":"first","16":"outofstock","17":"taxable","18":"shipping-taxable","19":"purchasable","20":"product-type-simple"},"jetpack_sharing_enabled":true,"_links":{"self":[{"href":"https:\/\/hydrastoretcg.cl\/index.php?rest_route=\/wp\/v2\/product\/966","targetHints":{"allow":["GET"]}}],"collection":[{"href":"https:\/\/hydrastoretcg.cl\/index.php?rest_route=\/wp\/v2\/product"}],"about":[{"href":"https:\/\/hydrastoretcg.cl\/index.php?rest_route=\/wp\/v2\/types\/product"}],"wp:featuredmedia":[{"embeddable":true,"href":"https:\/\/hydrastoretcg.cl\/index.php?rest_route=\/wp\/v2\/media\/968"}],"wp:attachment":[{"href":"https:\/\/hydrastoretcg.cl\/index.php?rest_route=%2Fwp%2Fv2%2Fmedia&parent=966"}],"wp:term":[{"taxonomy":"product_brand","embeddable":true,"href":"https:\/\/hydrastoretcg.cl\/index.php?rest_route=%2Fwp%2Fv2%2Fproduct_brand&post=966"},{"taxonomy":"product_cat","embeddable":true,"href":"https:\/\/hydrastoretcg.cl\/index.php?rest_route=%2Fwp%2Fv2%2Fproduct_cat&post=966"},{"taxonomy":"product_tag","embeddable":true,"href":"https:\/\/hydrastoretcg.cl\/index.php?rest_route=%2Fwp%2Fv2%2Fproduct_tag&post=966"}],"curies":[{"name":"wp","href":"https:\/\/api.w.org\/{rel}","templated":true}]}}