{"id":961,"date":"2025-10-28T14:01:48","date_gmt":"2025-10-28T17:01:48","guid":{"rendered":"https:\/\/hydrastoretcg.cl\/?post_type=product&#038;p=961"},"modified":"2025-11-10T17:20:16","modified_gmt":"2025-11-10T20:20:16","slug":"premium-figure-collection-prismatic-evolutions-scarlet-violet-ingles","status":"publish","type":"product","link":"https:\/\/hydrastoretcg.cl\/?product=premium-figure-collection-prismatic-evolutions-scarlet-violet-ingles","title":{"rendered":"Premium Figure Collection &#8211; Prismatic Evolutions Scarlet &#038; Violet &#8211; Ingl\u00e9s"},"content":{"rendered":"<p>Espeon y Umbreon llegan como Ex Teracristales Astrales en una colecci\u00f3n \u00fanica que desbaratar\u00e1 r\u00e1pidamente la defensa de tu rival. Entra al campo de batalla con esta colecci\u00f3n premium para los mejores entrenadores Pok\u00e9mon.<\/p>\n<p>Esta colecci\u00f3n incluye:<\/p>\n<ul>\n<li>1 carta foil grabada en relieve de Espeon Ex.<\/li>\n<li>1 carta foil grabada en relieve de Umbreon Ex.<\/li>\n<li>1 figura de Espeon.<\/li>\n<li>1 figura de Umbreon.<\/li>\n<li>1 Pin de Espeon y Umbreon.<\/li>\n<li>65 protectores de Espeon y Umbreon.<\/li>\n<li>11 sobres de mejora de Scarlet &amp; Violet Prismatic Evolutions.<\/li>\n<li>1 c\u00f3digo para jugar online.<\/li>\n<\/ul>\n","protected":false},"excerpt":{"rendered":"<p>Espeon y Umbreon llegan como Ex Teracristales Astrales en una colecci\u00f3n \u00fanica que desbaratar\u00e1 r\u00e1pidamente la defensa de tu rival. Entra al campo de batalla con esta colecci\u00f3n premium para los mejores entrenadores Pok\u00e9mon. Esta colecci\u00f3n incluye: 1 carta foil grabada en relieve de Espeon Ex. 1 carta foil grabada en relieve de Umbreon Ex. [&hellip;]<\/p>\n","protected":false},"featured_media":962,"template":"","meta":[],"product_brand":[52],"product_cat":[28,26],"product_tag":[54,99,97,38,96,98],"class_list":{"0":"post-961","1":"product","2":"type-product","3":"status-publish","4":"has-post-thumbnail","6":"product_brand-pokemon-tcg","7":"product_cat-pokemon","8":"product_cat-tcg","9":"product_tag-deck","10":"product_tag-espeon","11":"product_tag-evolution","12":"product_tag-pokemon","13":"product_tag-prismatic","14":"product_tag-umbreon","16":"first","17":"outofstock","18":"taxable","19":"shipping-taxable","20":"purchasable","21":"product-type-simple"},"jetpack_sharing_enabled":true,"_links":{"self":[{"href":"https:\/\/hydrastoretcg.cl\/index.php?rest_route=\/wp\/v2\/product\/961","targetHints":{"allow":["GET"]}}],"collection":[{"href":"https:\/\/hydrastoretcg.cl\/index.php?rest_route=\/wp\/v2\/product"}],"about":[{"href":"https:\/\/hydrastoretcg.cl\/index.php?rest_route=\/wp\/v2\/types\/product"}],"wp:featuredmedia":[{"embeddable":true,"href":"https:\/\/hydrastoretcg.cl\/index.php?rest_route=\/wp\/v2\/media\/962"}],"wp:attachment":[{"href":"https:\/\/hydrastoretcg.cl\/index.php?rest_route=%2Fwp%2Fv2%2Fmedia&parent=961"}],"wp:term":[{"taxonomy":"product_brand","embeddable":true,"href":"https:\/\/hydrastoretcg.cl\/index.php?rest_route=%2Fwp%2Fv2%2Fproduct_brand&post=961"},{"taxonomy":"product_cat","embeddable":true,"href":"https:\/\/hydrastoretcg.cl\/index.php?rest_route=%2Fwp%2Fv2%2Fproduct_cat&post=961"},{"taxonomy":"product_tag","embeddable":true,"href":"https:\/\/hydrastoretcg.cl\/index.php?rest_route=%2Fwp%2Fv2%2Fproduct_tag&post=961"}],"curies":[{"name":"wp","href":"https:\/\/api.w.org\/{rel}","templated":true}]}}