{"id":952,"date":"2025-10-28T02:55:03","date_gmt":"2025-10-28T05:55:03","guid":{"rendered":"https:\/\/hydrastoretcg.cl\/?post_type=product&#038;p=952"},"modified":"2025-11-10T17:21:26","modified_gmt":"2025-11-10T20:21:26","slug":"premium-collection-ionos-bellibolt-ex-ingles","status":"publish","type":"product","link":"https:\/\/hydrastoretcg.cl\/?product=premium-collection-ionos-bellibolt-ex-ingles","title":{"rendered":"Premium Collection &#8211; Iono&#8217;s Bellibolt Ex &#8211; Ingl\u00e9s"},"content":{"rendered":"<p>e-Nigma y su compa\u00f1ero Bellibolt se sobrecargan para atacar con la m\u00e1xima potencia en una colecci\u00f3n imperdible.<\/p>\n<p>Este producto contiene:<\/p>\n<ul>\n<li>1 carta promo foil full art de Bellibolt Ex de e-Nigma.<\/li>\n<li>1 carta foil de Tadbulb de e-Nigma.<\/li>\n<li>1 l\u00e1mina acr\u00edlica de e-Nigma, Bellibolt y m\u00e1s.<\/li>\n<li>1 fondo de exhibici\u00f3n reversible.<\/li>\n<li>6 sobres de Pok\u00e9mon TCG.<\/li>\n<li>1 c\u00f3digo para jugar online.<\/li>\n<\/ul>\n","protected":false},"excerpt":{"rendered":"<p>e-Nigma y su compa\u00f1ero Bellibolt se sobrecargan para atacar con la m\u00e1xima potencia en una colecci\u00f3n imperdible. Este producto contiene: 1 carta promo foil full art de Bellibolt Ex de e-Nigma. 1 carta foil de Tadbulb de e-Nigma. 1 l\u00e1mina acr\u00edlica de e-Nigma, Bellibolt y m\u00e1s. 1 fondo de exhibici\u00f3n reversible. 6 sobres de Pok\u00e9mon [&hellip;]<\/p>\n","protected":false},"featured_media":953,"template":"","meta":[],"product_brand":[52],"product_cat":[28,26],"product_tag":[94,93,92,38],"class_list":{"0":"post-952","1":"product","2":"type-product","3":"status-publish","4":"has-post-thumbnail","6":"product_brand-pokemon-tcg","7":"product_cat-pokemon","8":"product_cat-tcg","9":"product_tag-bellibolt","10":"product_tag-enigma","11":"product_tag-ionos","12":"product_tag-pokemon","14":"first","15":"outofstock","16":"taxable","17":"shipping-taxable","18":"purchasable","19":"product-type-simple"},"jetpack_sharing_enabled":true,"_links":{"self":[{"href":"https:\/\/hydrastoretcg.cl\/index.php?rest_route=\/wp\/v2\/product\/952","targetHints":{"allow":["GET"]}}],"collection":[{"href":"https:\/\/hydrastoretcg.cl\/index.php?rest_route=\/wp\/v2\/product"}],"about":[{"href":"https:\/\/hydrastoretcg.cl\/index.php?rest_route=\/wp\/v2\/types\/product"}],"wp:featuredmedia":[{"embeddable":true,"href":"https:\/\/hydrastoretcg.cl\/index.php?rest_route=\/wp\/v2\/media\/953"}],"wp:attachment":[{"href":"https:\/\/hydrastoretcg.cl\/index.php?rest_route=%2Fwp%2Fv2%2Fmedia&parent=952"}],"wp:term":[{"taxonomy":"product_brand","embeddable":true,"href":"https:\/\/hydrastoretcg.cl\/index.php?rest_route=%2Fwp%2Fv2%2Fproduct_brand&post=952"},{"taxonomy":"product_cat","embeddable":true,"href":"https:\/\/hydrastoretcg.cl\/index.php?rest_route=%2Fwp%2Fv2%2Fproduct_cat&post=952"},{"taxonomy":"product_tag","embeddable":true,"href":"https:\/\/hydrastoretcg.cl\/index.php?rest_route=%2Fwp%2Fv2%2Fproduct_tag&post=952"}],"curies":[{"name":"wp","href":"https:\/\/api.w.org\/{rel}","templated":true}]}}