{"id":905,"date":"2025-10-28T01:11:37","date_gmt":"2025-10-28T04:11:37","guid":{"rendered":"https:\/\/hydrastoretcg.cl\/?post_type=product&#038;p=905"},"modified":"2026-04-04T13:59:32","modified_gmt":"2026-04-04T16:59:32","slug":"gift-bundle-final-fantasy-ingles","status":"publish","type":"product","link":"https:\/\/hydrastoretcg.cl\/?product=gift-bundle-final-fantasy-ingles","title":{"rendered":"Gift Bundle &#8211; Final Fantasy &#8211; Ingl\u00e9s"},"content":{"rendered":"<p>Sorpr\u00e9ndete con el regalo perfecto, una colecci\u00f3n \u00fanica de la edici\u00f3n Final Fantasy de Magic The Gathering hecha para coleccionistas del m\u00e1s alto nivel.<\/p>\n<p>Este producto incluye:<\/p>\n<ul>\n<li>9 sobres de la edici\u00f3n.<\/li>\n<li>1 sobre collector de la edici\u00f3n.<\/li>\n<li>2 cartas promo foil con arte extendido.<\/li>\n<li>16 tierras b\u00e1sicas full art foil.<\/li>\n<li>16 tierras b\u00e1sicas full art.<\/li>\n<li>Accesorios exclusivos de la edici\u00f3n.<\/li>\n<li>1 contador de vidas.<\/li>\n<\/ul>\n","protected":false},"excerpt":{"rendered":"<p>Sorpr\u00e9ndete con el regalo perfecto, una colecci\u00f3n \u00fanica de la edici\u00f3n Final Fantasy de Magic The Gathering hecha para coleccionistas del m\u00e1s alto nivel. Este producto incluye: 9 sobres de la edici\u00f3n. 1 sobre collector de la edici\u00f3n. 2 cartas promo foil con arte extendido. 16 tierras b\u00e1sicas full art foil. 16 tierras b\u00e1sicas full [&hellip;]<\/p>\n","protected":false},"featured_media":906,"template":"","meta":[],"product_brand":[47],"product_cat":[27,153,26],"product_tag":[],"class_list":{"0":"post-905","1":"product","2":"type-product","3":"status-publish","4":"has-post-thumbnail","6":"product_brand-magic-the-gathering","7":"product_cat-magicthegathering","8":"product_cat-secret-lair","9":"product_cat-tcg","11":"first","12":"outofstock","13":"taxable","14":"shipping-taxable","15":"purchasable","16":"product-type-simple"},"jetpack_sharing_enabled":true,"_links":{"self":[{"href":"https:\/\/hydrastoretcg.cl\/index.php?rest_route=\/wp\/v2\/product\/905","targetHints":{"allow":["GET"]}}],"collection":[{"href":"https:\/\/hydrastoretcg.cl\/index.php?rest_route=\/wp\/v2\/product"}],"about":[{"href":"https:\/\/hydrastoretcg.cl\/index.php?rest_route=\/wp\/v2\/types\/product"}],"wp:featuredmedia":[{"embeddable":true,"href":"https:\/\/hydrastoretcg.cl\/index.php?rest_route=\/wp\/v2\/media\/906"}],"wp:attachment":[{"href":"https:\/\/hydrastoretcg.cl\/index.php?rest_route=%2Fwp%2Fv2%2Fmedia&parent=905"}],"wp:term":[{"taxonomy":"product_brand","embeddable":true,"href":"https:\/\/hydrastoretcg.cl\/index.php?rest_route=%2Fwp%2Fv2%2Fproduct_brand&post=905"},{"taxonomy":"product_cat","embeddable":true,"href":"https:\/\/hydrastoretcg.cl\/index.php?rest_route=%2Fwp%2Fv2%2Fproduct_cat&post=905"},{"taxonomy":"product_tag","embeddable":true,"href":"https:\/\/hydrastoretcg.cl\/index.php?rest_route=%2Fwp%2Fv2%2Fproduct_tag&post=905"}],"curies":[{"name":"wp","href":"https:\/\/api.w.org\/{rel}","templated":true}]}}