{"id":868,"date":"2025-10-27T23:35:12","date_gmt":"2025-10-28T02:35:12","guid":{"rendered":"https:\/\/hydrastoretcg.cl\/?post_type=product&#038;p=868"},"modified":"2026-04-04T19:18:02","modified_gmt":"2026-04-04T22:18:02","slug":"ultra-premium-collection-mega-charizard-ex-ingles","status":"publish","type":"product","link":"https:\/\/hydrastoretcg.cl\/?product=ultra-premium-collection-mega-charizard-ex-ingles","title":{"rendered":"Ultra Premium Collection &#8211; Mega Charizard Ex &#8211; Ingl\u00e9s"},"content":{"rendered":"<p>Enciende el campo de batalla con el fuego fantasmal de Mega Charizard Ex y este Ultra Premium Collector, indispensable en la colecci\u00f3n de los m\u00e1s intr\u00e9pidos jugadores. Ac\u00e1 descubrir\u00e1s la fuerza de Mega Charizard X Ex y una gran gama de cartas que ayudar\u00e1n a llevar tu juego al m\u00e1ximo nivel.<\/p>\n<p>Este producto contiene:<\/p>\n<ul>\n<li>1 carta promo foil de Mega Charizard X Ex.<\/li>\n<li>1 carta promo foil de Oricorio Ex.<\/li>\n<li>65 protectores de Mega Charizard X.<\/li>\n<li>1 playmat de Mega Charizard X.<\/li>\n<li>1 deck box de Mega Charizard X.<\/li>\n<li>1 moneda met\u00e1lica de Mega Charizard X.<\/li>\n<li>6 dados contadores de da\u00f1o.<\/li>\n<li>18 sobres de Pok\u00e9mon TCG.<\/li>\n<li>1 c\u00f3digo para jugar online.<\/li>\n<\/ul>\n<p>Date un gusto y disfruta de un producto premium para los coleccionistas m\u00e1s intr\u00e9pidos.<\/p>\n","protected":false},"excerpt":{"rendered":"<blockquote><p>&nbsp;<\/p><\/blockquote>\n","protected":false},"featured_media":869,"template":"","meta":[],"product_brand":[52],"product_cat":[164,146,28,26],"product_tag":[63,38,64,48],"class_list":{"0":"post-868","1":"product","2":"type-product","3":"status-publish","4":"has-post-thumbnail","6":"product_brand-pokemon-tcg","7":"product_cat-megaevolution-phantasmal-flames","8":"product_cat-ofertas","9":"product_cat-pokemon","10":"product_cat-tcg","11":"product_tag-charizard","12":"product_tag-pokemon","13":"product_tag-preventa","14":"product_tag-tcg","16":"first","17":"outofstock","18":"sale","19":"taxable","20":"shipping-taxable","21":"purchasable","22":"product-type-simple"},"jetpack_sharing_enabled":true,"_links":{"self":[{"href":"https:\/\/hydrastoretcg.cl\/index.php?rest_route=\/wp\/v2\/product\/868","targetHints":{"allow":["GET"]}}],"collection":[{"href":"https:\/\/hydrastoretcg.cl\/index.php?rest_route=\/wp\/v2\/product"}],"about":[{"href":"https:\/\/hydrastoretcg.cl\/index.php?rest_route=\/wp\/v2\/types\/product"}],"wp:featuredmedia":[{"embeddable":true,"href":"https:\/\/hydrastoretcg.cl\/index.php?rest_route=\/wp\/v2\/media\/869"}],"wp:attachment":[{"href":"https:\/\/hydrastoretcg.cl\/index.php?rest_route=%2Fwp%2Fv2%2Fmedia&parent=868"}],"wp:term":[{"taxonomy":"product_brand","embeddable":true,"href":"https:\/\/hydrastoretcg.cl\/index.php?rest_route=%2Fwp%2Fv2%2Fproduct_brand&post=868"},{"taxonomy":"product_cat","embeddable":true,"href":"https:\/\/hydrastoretcg.cl\/index.php?rest_route=%2Fwp%2Fv2%2Fproduct_cat&post=868"},{"taxonomy":"product_tag","embeddable":true,"href":"https:\/\/hydrastoretcg.cl\/index.php?rest_route=%2Fwp%2Fv2%2Fproduct_tag&post=868"}],"curies":[{"name":"wp","href":"https:\/\/api.w.org\/{rel}","templated":true}]}}