{"id":863,"date":"2025-10-27T22:42:08","date_gmt":"2025-10-28T01:42:08","guid":{"rendered":"https:\/\/hydrastoretcg.cl\/?post_type=product&#038;p=863"},"modified":"2026-04-02T12:58:06","modified_gmt":"2026-04-02T15:58:06","slug":"league-battle-deck-mewtwo-ex-ingles","status":"publish","type":"product","link":"https:\/\/hydrastoretcg.cl\/?product=league-battle-deck-mewtwo-ex-ingles","title":{"rendered":"League Battle Deck &#8211; Mewtwo Ex &#8211; Ingl\u00e9s"},"content":{"rendered":"<p>Eleva tu lado siniestro para enfrentarte a todos con este incre\u00edble deck liderado por Mewtwo Ex del Team Rocket que trae todo su poder acompa\u00f1ado de una gran tripulaci\u00f3n de cartas entrenador para apoyar tu estrategia.<\/p>\n<p>Este deck contiene:<\/p>\n<ul>\n<li>2 cartas de Mewtwo ex.<\/li>\n<li>1 baraja de 60 cartas listas para jugar.<\/li>\n<li>Cartas clave de entrenador y energ\u00edas para estrategias avanzadas.<\/li>\n<li>6 dados contadores de da\u00f1o.<\/li>\n<li>Fundas, contadores de da\u00f1o, monedas y gu\u00edas de juego.<\/li>\n<li>C\u00f3digo para jugar online.<\/li>\n<\/ul>\n<p>Este Battle Deck ofrece una experiancia \u00fanica para jugadores de nivel intermedio y avanzado que quieran desafiarse y entrar a la m\u00e1xima competitividad.<\/p>\n","protected":false},"excerpt":{"rendered":"<p>Eleva tu lado siniestro para enfrentarte a todos con este incre\u00edble deck liderado por Mewtwo Ex del Team Rocket que trae todo su poder acompa\u00f1ado de una gran tripulaci\u00f3n de cartas entrenador para apoyar tu estrategia. Este deck contiene: 2 cartas de Mewtwo ex. 1 baraja de 60 cartas listas para jugar. Cartas clave de [&hellip;]<\/p>\n","protected":false},"featured_media":864,"template":"","meta":[],"product_brand":[52],"product_cat":[28,167,26],"product_tag":[54,53,59,38],"class_list":{"0":"post-863","1":"product","2":"type-product","3":"status-publish","4":"has-post-thumbnail","6":"product_brand-pokemon-tcg","7":"product_cat-pokemon","8":"product_cat-scarlet-violet-destined-rivals","9":"product_cat-tcg","10":"product_tag-deck","11":"product_tag-mazo","12":"product_tag-mewtwo","13":"product_tag-pokemon","15":"first","16":"outofstock","17":"sale","18":"taxable","19":"shipping-taxable","20":"purchasable","21":"product-type-simple"},"jetpack_sharing_enabled":true,"_links":{"self":[{"href":"https:\/\/hydrastoretcg.cl\/index.php?rest_route=\/wp\/v2\/product\/863","targetHints":{"allow":["GET"]}}],"collection":[{"href":"https:\/\/hydrastoretcg.cl\/index.php?rest_route=\/wp\/v2\/product"}],"about":[{"href":"https:\/\/hydrastoretcg.cl\/index.php?rest_route=\/wp\/v2\/types\/product"}],"wp:featuredmedia":[{"embeddable":true,"href":"https:\/\/hydrastoretcg.cl\/index.php?rest_route=\/wp\/v2\/media\/864"}],"wp:attachment":[{"href":"https:\/\/hydrastoretcg.cl\/index.php?rest_route=%2Fwp%2Fv2%2Fmedia&parent=863"}],"wp:term":[{"taxonomy":"product_brand","embeddable":true,"href":"https:\/\/hydrastoretcg.cl\/index.php?rest_route=%2Fwp%2Fv2%2Fproduct_brand&post=863"},{"taxonomy":"product_cat","embeddable":true,"href":"https:\/\/hydrastoretcg.cl\/index.php?rest_route=%2Fwp%2Fv2%2Fproduct_cat&post=863"},{"taxonomy":"product_tag","embeddable":true,"href":"https:\/\/hydrastoretcg.cl\/index.php?rest_route=%2Fwp%2Fv2%2Fproduct_tag&post=863"}],"curies":[{"name":"wp","href":"https:\/\/api.w.org\/{rel}","templated":true}]}}