{"id":842,"date":"2025-10-27T21:24:27","date_gmt":"2025-10-28T00:24:27","guid":{"rendered":"https:\/\/hydrastoretcg.cl\/?post_type=product&#038;p=842"},"modified":"2025-12-30T19:49:52","modified_gmt":"2025-12-30T22:49:52","slug":"protectores-top-deck-oversleeve-small-100","status":"publish","type":"product","link":"https:\/\/hydrastoretcg.cl\/?product=protectores-top-deck-oversleeve-small-100","title":{"rendered":"Protectores Top Deck Oversleeve Small 100"},"content":{"rendered":"<p>Jugar con la m\u00e1xima protecci\u00f3n es posible con estos sobreprotectores transparentes que cuidan mejor tus cartas y tambi\u00e9n esos protectores que tanto te gustan. 100 unidades en tama\u00f1o small.<\/p>\n<p>Compatible con Mitos y Leyendas y Yu Gi Oh!<\/p>\n","protected":false},"excerpt":{"rendered":"<p>Jugar con la m\u00e1xima protecci\u00f3n es posible con estos sobreprotectores transparentes que cuidan mejor tus cartas y tambi\u00e9n esos protectores que tanto te gustan. 100 unidades en tama\u00f1o small. Compatible con Mitos y Leyendas y Yu Gi Oh!<\/p>\n","protected":false},"featured_media":843,"template":"","meta":[],"product_brand":[39],"product_cat":[30,32],"product_tag":[46,44,45],"class_list":{"0":"post-842","1":"product","2":"type-product","3":"status-publish","4":"has-post-thumbnail","6":"product_brand-top-deck","7":"product_cat-accesorios","8":"product_cat-protectores","9":"product_tag-fundas","10":"product_tag-protectores","11":"product_tag-sleevers","13":"first","14":"outofstock","15":"taxable","16":"shipping-taxable","17":"purchasable","18":"product-type-simple"},"jetpack_sharing_enabled":true,"_links":{"self":[{"href":"https:\/\/hydrastoretcg.cl\/index.php?rest_route=\/wp\/v2\/product\/842","targetHints":{"allow":["GET"]}}],"collection":[{"href":"https:\/\/hydrastoretcg.cl\/index.php?rest_route=\/wp\/v2\/product"}],"about":[{"href":"https:\/\/hydrastoretcg.cl\/index.php?rest_route=\/wp\/v2\/types\/product"}],"wp:featuredmedia":[{"embeddable":true,"href":"https:\/\/hydrastoretcg.cl\/index.php?rest_route=\/wp\/v2\/media\/843"}],"wp:attachment":[{"href":"https:\/\/hydrastoretcg.cl\/index.php?rest_route=%2Fwp%2Fv2%2Fmedia&parent=842"}],"wp:term":[{"taxonomy":"product_brand","embeddable":true,"href":"https:\/\/hydrastoretcg.cl\/index.php?rest_route=%2Fwp%2Fv2%2Fproduct_brand&post=842"},{"taxonomy":"product_cat","embeddable":true,"href":"https:\/\/hydrastoretcg.cl\/index.php?rest_route=%2Fwp%2Fv2%2Fproduct_cat&post=842"},{"taxonomy":"product_tag","embeddable":true,"href":"https:\/\/hydrastoretcg.cl\/index.php?rest_route=%2Fwp%2Fv2%2Fproduct_tag&post=842"}],"curies":[{"name":"wp","href":"https:\/\/api.w.org\/{rel}","templated":true}]}}