{"id":820,"date":"2025-10-27T20:00:31","date_gmt":"2025-10-27T23:00:31","guid":{"rendered":"https:\/\/hydrastoretcg.cl\/?post_type=product&#038;p=820"},"modified":"2026-02-13T01:06:43","modified_gmt":"2026-02-13T04:06:43","slug":"portamazo-td-75","status":"publish","type":"product","link":"https:\/\/hydrastoretcg.cl\/?product=portamazo-td-75","title":{"rendered":"Portamazo TD 75"},"content":{"rendered":"<p>Este deckbox sencillo te ayudar\u00e1 a cuidar tus cartas de la mejor forma. Hecho de pl\u00e1stico libre de \u00e1cidos es resistente y evita que tu mazo se doble en su traslado. Cuenta con un separador y espacio \u00fatil para 75 cartas con sus protectores.<\/p>\n<p>Compatible con los principales TCG: Pok\u00e9mon, Magic The Gathering, Mitos y Leyendas, One Piece, Yu Gi Oh! y m\u00e1s.<\/p>\n","protected":false},"excerpt":{"rendered":"<p>Este deckbox sencillo te ayudar\u00e1 a cuidar tus cartas de la mejor forma. Hecho de pl\u00e1stico libre de \u00e1cidos es resistente y evita que tu mazo se doble en su traslado. Cuenta con un separador y espacio \u00fatil para 75 cartas con sus protectores. Compatible con los principales TCG: Pok\u00e9mon, Magic The Gathering, Mitos y [&hellip;]<\/p>\n","protected":false},"featured_media":821,"template":"","meta":[],"product_brand":[39],"product_cat":[30,34],"product_tag":[40,41],"class_list":{"0":"post-820","1":"product","2":"type-product","3":"status-publish","4":"has-post-thumbnail","6":"product_brand-top-deck","7":"product_cat-accesorios","8":"product_cat-deckbox","9":"product_tag-deckbox","10":"product_tag-portamazo","12":"first","13":"outofstock","14":"taxable","15":"shipping-taxable","16":"purchasable","17":"product-type-simple"},"jetpack_sharing_enabled":true,"_links":{"self":[{"href":"https:\/\/hydrastoretcg.cl\/index.php?rest_route=\/wp\/v2\/product\/820","targetHints":{"allow":["GET"]}}],"collection":[{"href":"https:\/\/hydrastoretcg.cl\/index.php?rest_route=\/wp\/v2\/product"}],"about":[{"href":"https:\/\/hydrastoretcg.cl\/index.php?rest_route=\/wp\/v2\/types\/product"}],"wp:featuredmedia":[{"embeddable":true,"href":"https:\/\/hydrastoretcg.cl\/index.php?rest_route=\/wp\/v2\/media\/821"}],"wp:attachment":[{"href":"https:\/\/hydrastoretcg.cl\/index.php?rest_route=%2Fwp%2Fv2%2Fmedia&parent=820"}],"wp:term":[{"taxonomy":"product_brand","embeddable":true,"href":"https:\/\/hydrastoretcg.cl\/index.php?rest_route=%2Fwp%2Fv2%2Fproduct_brand&post=820"},{"taxonomy":"product_cat","embeddable":true,"href":"https:\/\/hydrastoretcg.cl\/index.php?rest_route=%2Fwp%2Fv2%2Fproduct_cat&post=820"},{"taxonomy":"product_tag","embeddable":true,"href":"https:\/\/hydrastoretcg.cl\/index.php?rest_route=%2Fwp%2Fv2%2Fproduct_tag&post=820"}],"curies":[{"name":"wp","href":"https:\/\/api.w.org\/{rel}","templated":true}]}}