{"id":1825,"date":"2026-02-12T14:06:19","date_gmt":"2026-02-12T17:06:19","guid":{"rendered":"https:\/\/hydrastoretcg.cl\/?post_type=product&#038;p=1825"},"modified":"2026-04-01T22:31:30","modified_gmt":"2026-04-02T01:31:30","slug":"mtg-tmnt-kit-de-presentacion-espanol","status":"publish","type":"product","link":"https:\/\/hydrastoretcg.cl\/?product=mtg-tmnt-kit-de-presentacion-espanol","title":{"rendered":"MTG TMNT &#8211; Kit de presentaci\u00f3n (Espa\u00f1ol)"},"content":{"rendered":"<p>\u00a1Cowabunga! La colaboraci\u00f3n m\u00e1s esperada llega a\u00a0Magic: The Gathering. Hazte con el\u00a0<em>Kit de Prerelease de Teenage Mutant Ninja Turtles (TMNT)<\/em>\u00a0y prep\u00e1rate para dominar el Multiverso con el poder de las alcantarillas de Nueva York. Este kit oficial combina la estrategia profunda de MTG con el arte ic\u00f3nico y los personajes de las Tortugas Ninja.<\/p>\n<h3><b>\u00bfQu\u00e9 incluye el Kit Prerelease?<\/b><\/h3>\n<p>Cada pack est\u00e1 dise\u00f1ado para ofrecerte todo lo necesario para construir un mazo s\u00f3lido y competir en el formato mazo sellado:<\/p>\n<ul>\n<li>6 <em>Play Boosters c<\/em>on cartas tem\u00e1ticas de TMNT, incluyendo posibles cartas <em>full art<\/em>\u00a0y variantes raras.<\/li>\n<li>1 Carta promo foil rara o m\u00edtica del set con el sello de la edici\u00f3n.<\/li>\n<li>1 Dado contador de vidas personalizado con motivos de la franquicia.<\/li>\n<li>1 C\u00f3digo para MTG Arena: Desbloquea sobres o cosm\u00e9ticos exclusivos de las Tortugas Ninja<\/li>\n<\/ul>\n","protected":false},"excerpt":{"rendered":"<p>\u00a1Cowabunga! La colaboraci\u00f3n m\u00e1s esperada llega a\u00a0Magic: The Gathering. Hazte con el\u00a0Kit de Prerelease de Teenage Mutant Ninja Turtles (TMNT)\u00a0y prep\u00e1rate para dominar el Multiverso con el poder de las alcantarillas de Nueva York. Este kit oficial combina la estrategia profunda de MTG con el arte ic\u00f3nico y los personajes de las Tortugas Ninja. \u00bfQu\u00e9 [&hellip;]<\/p>\n","protected":false},"featured_media":1826,"template":"","meta":[],"product_brand":[47],"product_cat":[175,27,146,26],"product_tag":[],"class_list":{"0":"post-1825","1":"product","2":"type-product","3":"status-publish","4":"has-post-thumbnail","6":"product_brand-magic-the-gathering","7":"product_cat-las-tortugas-ninja","8":"product_cat-magicthegathering","9":"product_cat-ofertas","10":"product_cat-tcg","12":"first","13":"instock","14":"sale","15":"taxable","16":"shipping-taxable","17":"purchasable","18":"product-type-simple"},"jetpack_sharing_enabled":true,"_links":{"self":[{"href":"https:\/\/hydrastoretcg.cl\/index.php?rest_route=\/wp\/v2\/product\/1825","targetHints":{"allow":["GET"]}}],"collection":[{"href":"https:\/\/hydrastoretcg.cl\/index.php?rest_route=\/wp\/v2\/product"}],"about":[{"href":"https:\/\/hydrastoretcg.cl\/index.php?rest_route=\/wp\/v2\/types\/product"}],"wp:featuredmedia":[{"embeddable":true,"href":"https:\/\/hydrastoretcg.cl\/index.php?rest_route=\/wp\/v2\/media\/1826"}],"wp:attachment":[{"href":"https:\/\/hydrastoretcg.cl\/index.php?rest_route=%2Fwp%2Fv2%2Fmedia&parent=1825"}],"wp:term":[{"taxonomy":"product_brand","embeddable":true,"href":"https:\/\/hydrastoretcg.cl\/index.php?rest_route=%2Fwp%2Fv2%2Fproduct_brand&post=1825"},{"taxonomy":"product_cat","embeddable":true,"href":"https:\/\/hydrastoretcg.cl\/index.php?rest_route=%2Fwp%2Fv2%2Fproduct_cat&post=1825"},{"taxonomy":"product_tag","embeddable":true,"href":"https:\/\/hydrastoretcg.cl\/index.php?rest_route=%2Fwp%2Fv2%2Fproduct_tag&post=1825"}],"curies":[{"name":"wp","href":"https:\/\/api.w.org\/{rel}","templated":true}]}}