{"id":1761,"date":"2026-03-23T00:00:20","date_gmt":"2026-03-23T03:00:20","guid":{"rendered":"https:\/\/hydrastoretcg.cl\/?post_type=product&#038;p=1761"},"modified":"2026-04-01T21:39:44","modified_gmt":"2026-04-02T00:39:44","slug":"booster-bundle-chaos-rising","status":"publish","type":"product","link":"https:\/\/hydrastoretcg.cl\/?product=booster-bundle-chaos-rising","title":{"rendered":"Pokemon TCG Chaos Rising Booster Bundle Ingl\u00e9s"},"content":{"rendered":"<p data-start=\"1181\" data-end=\"1321\">Maximiza tus oportunidades de encontrar cartas clave con el <strong data-start=\"1241\" data-end=\"1275\">Booster Bundle de Chaos Rising<\/strong> de <strong data-start=\"1279\" data-end=\"1320\"><span class=\"hover:entity-accent entity-underline inline cursor-pointer align-baseline\"><span class=\"whitespace-normal\">Pok\u00e9mon Trading Card Game<\/span><\/span><\/strong>.<\/p>\n<p data-start=\"1323\" data-end=\"1504\">Este formato est\u00e1 dise\u00f1ado para quienes buscan abrir m\u00faltiples sobres de forma eficiente, siendo una de las mejores opciones para jugadores competitivos y cazadores de cartas raras.<\/p>\n<h2 data-section-id=\"4uxx8h\" data-start=\"1506\" data-end=\"1521\">\ud83d\udce6 Contenido<\/h2>\n<p data-start=\"1522\" data-end=\"1550\">\u2022 6 sobres de Chaos Rising<\/p>\n<h2 data-section-id=\"ge8muj\" data-start=\"1552\" data-end=\"1569\">\ud83c\udfaf Ideal para:<\/h2>\n<p data-start=\"1570\" data-end=\"1651\">\u2022 Jugadores competitivos<br data-start=\"1594\" data-end=\"1597\" \/>\u2022 B\u00fasqueda de cartas meta<br data-start=\"1622\" data-end=\"1625\" \/>\u2022 Aperturas estrat\u00e9gicas<\/p>\n","protected":false},"excerpt":{"rendered":"<p>Maximiza tus oportunidades de encontrar cartas clave con el Booster Bundle de Chaos Rising de Pok\u00e9mon Trading Card Game. Este formato est\u00e1 dise\u00f1ado para quienes buscan abrir m\u00faltiples sobres de forma eficiente, siendo una de las mejores opciones para jugadores competitivos y cazadores de cartas raras. \ud83d\udce6 Contenido \u2022 6 sobres de Chaos Rising \ud83c\udfaf [&hellip;]<\/p>\n","protected":false},"featured_media":1829,"template":"","meta":[],"product_brand":[52],"product_cat":[161,146,28,35,26],"product_tag":[],"class_list":{"0":"post-1761","1":"product","2":"type-product","3":"status-publish","4":"has-post-thumbnail","6":"product_brand-pokemon-tcg","7":"product_cat-megaevolution-chaos-rising","8":"product_cat-ofertas","9":"product_cat-pokemon","10":"product_cat-preventas","11":"product_cat-tcg","13":"first","14":"instock","15":"sale","16":"taxable","17":"shipping-taxable","18":"purchasable","19":"product-type-simple"},"jetpack_sharing_enabled":true,"_links":{"self":[{"href":"https:\/\/hydrastoretcg.cl\/index.php?rest_route=\/wp\/v2\/product\/1761","targetHints":{"allow":["GET"]}}],"collection":[{"href":"https:\/\/hydrastoretcg.cl\/index.php?rest_route=\/wp\/v2\/product"}],"about":[{"href":"https:\/\/hydrastoretcg.cl\/index.php?rest_route=\/wp\/v2\/types\/product"}],"wp:featuredmedia":[{"embeddable":true,"href":"https:\/\/hydrastoretcg.cl\/index.php?rest_route=\/wp\/v2\/media\/1829"}],"wp:attachment":[{"href":"https:\/\/hydrastoretcg.cl\/index.php?rest_route=%2Fwp%2Fv2%2Fmedia&parent=1761"}],"wp:term":[{"taxonomy":"product_brand","embeddable":true,"href":"https:\/\/hydrastoretcg.cl\/index.php?rest_route=%2Fwp%2Fv2%2Fproduct_brand&post=1761"},{"taxonomy":"product_cat","embeddable":true,"href":"https:\/\/hydrastoretcg.cl\/index.php?rest_route=%2Fwp%2Fv2%2Fproduct_cat&post=1761"},{"taxonomy":"product_tag","embeddable":true,"href":"https:\/\/hydrastoretcg.cl\/index.php?rest_route=%2Fwp%2Fv2%2Fproduct_tag&post=1761"}],"curies":[{"name":"wp","href":"https:\/\/api.w.org\/{rel}","templated":true}]}}