{"id":1684,"date":"2026-03-05T19:24:53","date_gmt":"2026-03-05T22:24:53","guid":{"rendered":"https:\/\/hydrastoretcg.cl\/?post_type=product&#038;p=1684"},"modified":"2026-04-04T11:28:22","modified_gmt":"2026-04-04T14:28:22","slug":"pokemon-tcg-mega-lucario-ex-league-battle-deck-english-preventa","status":"publish","type":"product","link":"https:\/\/hydrastoretcg.cl\/?product=pokemon-tcg-mega-lucario-ex-league-battle-deck-english-preventa","title":{"rendered":"Pok\u00e9mon TCG: Mega Lucario ex League Battle Deck (English) \u2013 Preventa"},"content":{"rendered":"<p data-start=\"254\" data-end=\"504\">\u00a1Libera el poder de la Mega Evoluci\u00f3n en el campo de batalla!<br data-start=\"315\" data-end=\"318\" \/>El <strong data-start=\"321\" data-end=\"359\">Mega Lucario ex League Battle Deck<\/strong> es un mazo listo para jugar dise\u00f1ado para entrenadores que quieren entrar directo a la acci\u00f3n con una estrategia s\u00f3lida desde el primer momento.<\/p>\n<p data-start=\"506\" data-end=\"832\">Los <strong data-start=\"510\" data-end=\"532\">League Battle Deck<\/strong> est\u00e1n pensados para ofrecer una experiencia m\u00e1s competitiva que los mazos iniciales, con cartas poderosas y sinergias listas para jugar tanto en ligas como en torneos locales. En esta ocasi\u00f3n, <strong data-start=\"726\" data-end=\"745\">Mega Lucario ex<\/strong> lidera un mazo de tipo Lucha capaz de generar presi\u00f3n constante y golpes devastadores.<\/p>\n<p data-start=\"834\" data-end=\"1000\">Este producto es perfecto tanto para jugadores que quieren comenzar a jugar de inmediato como para quienes buscan una base s\u00f3lida para mejorar y personalizar su mazo.<\/p>\n<h3 data-section-id=\"6vd6sw\" data-start=\"1002\" data-end=\"1028\">Contenido del producto<\/h3>\n<p data-start=\"1029\" data-end=\"1081\">Cada <strong data-start=\"1034\" data-end=\"1072\">Mega Lucario ex League Battle Deck<\/strong> incluye:<\/p>\n<ul data-start=\"1083\" data-end=\"1404\">\n<li data-section-id=\"1715d3p\" data-start=\"1083\" data-end=\"1125\">\n<p data-start=\"1085\" data-end=\"1125\">1 mazo de <strong data-start=\"1095\" data-end=\"1125\">60 cartas listo para jugar<\/strong><\/p>\n<\/li>\n<li data-section-id=\"eoymbl\" data-start=\"1126\" data-end=\"1158\">\n<p data-start=\"1128\" data-end=\"1158\">6 <strong data-start=\"1130\" data-end=\"1158\">dados contadores de da\u00f1o<\/strong><\/p>\n<\/li>\n<li data-section-id=\"8n4hf8\" data-start=\"1159\" data-end=\"1198\">\n<p data-start=\"1161\" data-end=\"1198\">1 <strong data-start=\"1163\" data-end=\"1198\">dado para lanzamiento de moneda<\/strong><\/p>\n<\/li>\n<li data-section-id=\"1w5soqp\" data-start=\"1199\" data-end=\"1249\">\n<p data-start=\"1201\" data-end=\"1249\">2 <strong data-start=\"1203\" data-end=\"1249\">marcadores de condici\u00f3n en forma de moneda<\/strong><\/p>\n<\/li>\n<li data-section-id=\"1otqqs8\" data-start=\"1250\" data-end=\"1267\">\n<p data-start=\"1252\" data-end=\"1267\">1 <strong data-start=\"1254\" data-end=\"1267\">portamazo<\/strong><\/p>\n<\/li>\n<li data-section-id=\"4f3rd7\" data-start=\"1268\" data-end=\"1296\">\n<p data-start=\"1270\" data-end=\"1296\">1 <strong data-start=\"1272\" data-end=\"1296\">hoja con estrategias<\/strong><\/p>\n<\/li>\n<li data-section-id=\"rsm1y5\" data-start=\"1297\" data-end=\"1404\">\n<p data-start=\"1299\" data-end=\"1404\">1 <strong data-start=\"1301\" data-end=\"1321\">carta con c\u00f3digo<\/strong> para jugar este mazo en <strong data-start=\"1346\" data-end=\"1366\">Pok\u00e9mon TCG Live<\/strong><\/p>\n<\/li>\n<\/ul>\n<h3 data-section-id=\"6pvx0h\" data-start=\"1406\" data-end=\"1420\">Ideal para<\/h3>\n<ul data-start=\"1421\" data-end=\"1622\">\n<li data-section-id=\"q0a90l\" data-start=\"1421\" data-end=\"1485\">\n<p data-start=\"1423\" data-end=\"1485\">Jugadores que quieren un <strong data-start=\"1448\" data-end=\"1485\">mazo competitivo listo para jugar<\/strong><\/p>\n<\/li>\n<li data-section-id=\"v9p19\" data-start=\"1486\" data-end=\"1562\">\n<p data-start=\"1488\" data-end=\"1562\">Mejorar tu colecci\u00f3n con cartas clave del arquetipo de <strong data-start=\"1543\" data-end=\"1562\">Mega Lucario ex<\/strong><\/p>\n<\/li>\n<li data-section-id=\"d75yvx\" data-start=\"1563\" data-end=\"1622\">\n<p data-start=\"1565\" data-end=\"1622\">Entrar r\u00e1pidamente al juego organizado de <strong data-start=\"1607\" data-end=\"1622\">Pok\u00e9mon TCG<\/strong><\/p>\n<\/li>\n<\/ul>\n<h3><strong>Lanzamiento 22 de mayo de 2026<\/strong><\/h3>\n","protected":false},"excerpt":{"rendered":"<p>\u00a1Libera el poder de la Mega Evoluci\u00f3n en el campo de batalla!El Mega Lucario ex League Battle Deck es un mazo listo para jugar dise\u00f1ado para entrenadores que quieren entrar directo a la acci\u00f3n con una estrategia s\u00f3lida desde el primer momento. Los League Battle Deck est\u00e1n pensados para ofrecer una experiencia m\u00e1s competitiva que [&hellip;]<\/p>\n","protected":false},"featured_media":1685,"template":"","meta":[],"product_brand":[52],"product_cat":[146,28,35,26],"product_tag":[],"class_list":{"0":"post-1684","1":"product","2":"type-product","3":"status-publish","4":"has-post-thumbnail","6":"product_brand-pokemon-tcg","7":"product_cat-ofertas","8":"product_cat-pokemon","9":"product_cat-preventas","10":"product_cat-tcg","12":"first","13":"instock","14":"sale","15":"sold-individually","16":"taxable","17":"shipping-taxable","18":"purchasable","19":"product-type-simple"},"jetpack_sharing_enabled":true,"_links":{"self":[{"href":"https:\/\/hydrastoretcg.cl\/index.php?rest_route=\/wp\/v2\/product\/1684","targetHints":{"allow":["GET"]}}],"collection":[{"href":"https:\/\/hydrastoretcg.cl\/index.php?rest_route=\/wp\/v2\/product"}],"about":[{"href":"https:\/\/hydrastoretcg.cl\/index.php?rest_route=\/wp\/v2\/types\/product"}],"wp:featuredmedia":[{"embeddable":true,"href":"https:\/\/hydrastoretcg.cl\/index.php?rest_route=\/wp\/v2\/media\/1685"}],"wp:attachment":[{"href":"https:\/\/hydrastoretcg.cl\/index.php?rest_route=%2Fwp%2Fv2%2Fmedia&parent=1684"}],"wp:term":[{"taxonomy":"product_brand","embeddable":true,"href":"https:\/\/hydrastoretcg.cl\/index.php?rest_route=%2Fwp%2Fv2%2Fproduct_brand&post=1684"},{"taxonomy":"product_cat","embeddable":true,"href":"https:\/\/hydrastoretcg.cl\/index.php?rest_route=%2Fwp%2Fv2%2Fproduct_cat&post=1684"},{"taxonomy":"product_tag","embeddable":true,"href":"https:\/\/hydrastoretcg.cl\/index.php?rest_route=%2Fwp%2Fv2%2Fproduct_tag&post=1684"}],"curies":[{"name":"wp","href":"https:\/\/api.w.org\/{rel}","templated":true}]}}