{"id":1459,"date":"2026-02-10T12:24:04","date_gmt":"2026-02-10T15:24:04","guid":{"rendered":"https:\/\/hydrastoretcg.cl\/?post_type=product&#038;p=1459"},"modified":"2026-04-01T22:31:56","modified_gmt":"2026-04-02T01:31:56","slug":"lorwyn-eclipsed-precon-deck-pirates","status":"publish","type":"product","link":"https:\/\/hydrastoretcg.cl\/?product=lorwyn-eclipsed-precon-deck-pirates","title":{"rendered":"Lorwyn Eclipsed Precon Deck Pirates"},"content":{"rendered":"<p data-start=\"259\" data-end=\"526\">Zarpa a la aventura con el <strong data-start=\"286\" data-end=\"308\">Theme Deck Pirates<\/strong>, un mazo preconstruido de 60 cartas listo para jugar desde el primer momento. Dise\u00f1ado para el formato Est\u00e1ndar, este mazo se enfoca en criaturas r\u00e1pidas, sinergias entre piratas y presi\u00f3n constante sobre el oponente.<\/p>\n<p data-start=\"528\" data-end=\"676\">Perfecto para jugadores que est\u00e1n comenzando en Magic o para quienes buscan un mazo tem\u00e1tico listo para jugar sin necesidad de construir desde cero.<\/p>\n<p data-start=\"678\" data-end=\"818\">Ambientado en los planos de <strong data-start=\"706\" data-end=\"733\">Lorwyn y P\u00e1ramo Sombr\u00edo<\/strong>, este producto combina estrategia, criaturas ic\u00f3nicas y un estilo de juego din\u00e1mico.<\/p>\n<p data-start=\"820\" data-end=\"834\"><strong data-start=\"820\" data-end=\"834\">Contenido:<\/strong><\/p>\n<ul data-start=\"835\" data-end=\"981\">\n<li data-start=\"835\" data-end=\"885\">\n<p data-start=\"837\" data-end=\"885\">Mazo preconstruido de 60 cartas listo para jugar<\/p>\n<\/li>\n<li data-start=\"886\" data-end=\"903\">\n<p data-start=\"888\" data-end=\"903\">Caja guardamazo<\/p>\n<\/li>\n<li data-start=\"904\" data-end=\"936\">\n<p data-start=\"906\" data-end=\"936\">5 cartas de ficha de dos caras<\/p>\n<\/li>\n<li data-start=\"937\" data-end=\"957\">\n<p data-start=\"939\" data-end=\"957\">Hoja de estrategia<\/p>\n<\/li>\n<li data-start=\"958\" data-end=\"981\">\n<p data-start=\"960\" data-end=\"981\">Tarjeta de referencia<\/p>\n<\/li>\n<\/ul>\n","protected":false},"excerpt":{"rendered":"<p>Zarpa a la aventura con el Theme Deck Pirates, un mazo preconstruido de 60 cartas listo para jugar desde el primer momento. Dise\u00f1ado para el formato Est\u00e1ndar, este mazo se enfoca en criaturas r\u00e1pidas, sinergias entre piratas y presi\u00f3n constante sobre el oponente. Perfecto para jugadores que est\u00e1n comenzando en Magic o para quienes buscan [&hellip;]<\/p>\n","protected":false},"featured_media":1455,"template":"","meta":[],"product_brand":[47],"product_cat":[148,27,146,26],"product_tag":[],"class_list":{"0":"post-1459","1":"product","2":"type-product","3":"status-publish","4":"has-post-thumbnail","6":"product_brand-magic-the-gathering","7":"product_cat-le","8":"product_cat-magicthegathering","9":"product_cat-ofertas","10":"product_cat-tcg","12":"first","13":"instock","14":"sale","15":"taxable","16":"shipping-taxable","17":"purchasable","18":"product-type-simple"},"jetpack_sharing_enabled":true,"_links":{"self":[{"href":"https:\/\/hydrastoretcg.cl\/index.php?rest_route=\/wp\/v2\/product\/1459","targetHints":{"allow":["GET"]}}],"collection":[{"href":"https:\/\/hydrastoretcg.cl\/index.php?rest_route=\/wp\/v2\/product"}],"about":[{"href":"https:\/\/hydrastoretcg.cl\/index.php?rest_route=\/wp\/v2\/types\/product"}],"wp:featuredmedia":[{"embeddable":true,"href":"https:\/\/hydrastoretcg.cl\/index.php?rest_route=\/wp\/v2\/media\/1455"}],"wp:attachment":[{"href":"https:\/\/hydrastoretcg.cl\/index.php?rest_route=%2Fwp%2Fv2%2Fmedia&parent=1459"}],"wp:term":[{"taxonomy":"product_brand","embeddable":true,"href":"https:\/\/hydrastoretcg.cl\/index.php?rest_route=%2Fwp%2Fv2%2Fproduct_brand&post=1459"},{"taxonomy":"product_cat","embeddable":true,"href":"https:\/\/hydrastoretcg.cl\/index.php?rest_route=%2Fwp%2Fv2%2Fproduct_cat&post=1459"},{"taxonomy":"product_tag","embeddable":true,"href":"https:\/\/hydrastoretcg.cl\/index.php?rest_route=%2Fwp%2Fv2%2Fproduct_tag&post=1459"}],"curies":[{"name":"wp","href":"https:\/\/api.w.org\/{rel}","templated":true}]}}