{"id":1446,"date":"2026-01-05T18:08:54","date_gmt":"2026-01-05T21:08:54","guid":{"rendered":"https:\/\/hydrastoretcg.cl\/?post_type=product&#038;p=1446"},"modified":"2026-04-04T14:46:17","modified_gmt":"2026-04-04T17:46:17","slug":"lorwyn-eclipsed-commander-deck-dance-of-the-elements","status":"publish","type":"product","link":"https:\/\/hydrastoretcg.cl\/?product=lorwyn-eclipsed-commander-deck-dance-of-the-elements","title":{"rendered":"Lorwyn Eclipsed Commander Deck Dance of the elements"},"content":{"rendered":"<p data-start=\"193\" data-end=\"244\">MTG: Lorwyn Eclipsed \u2013 Mazo Commander (Espa\u00f1ol)<\/p>\n<p data-start=\"246\" data-end=\"521\">Desata el poder de Cenizeida y domina el campo de batalla invocando Elementales gigantes a coste reducido. Aprovecha sus devastadores efectos al entrar en juego y, si estos colosos deben ser sacrificados, no temas: Cenizeida puede copiarlos y mantener la presi\u00f3n.<\/p>\n<p data-start=\"523\" data-end=\"776\">Viaja al plano en constante transformaci\u00f3n de Lorwyn y P\u00e1ramo Sombr\u00edo, donde kithkin, boggarts, merrow y elfos regresan con una mezcla de mec\u00e1nicas cl\u00e1sicas y nuevas, acompa\u00f1adas de ilustraciones de artistas legendarios y nuevas incorporaciones.<\/p>\n<p data-start=\"778\" data-end=\"808\">Contenido del producto:<\/p>\n<ul data-start=\"809\" data-end=\"1069\">\n<li data-start=\"809\" data-end=\"857\">\n<p data-start=\"811\" data-end=\"857\">1 mazo Commander listo para jugar (100 cartas)<\/p>\n<\/li>\n<li data-start=\"858\" data-end=\"941\">\n<p data-start=\"860\" data-end=\"887\">12 cartas nuevas en Magic<\/p>\n<ul data-start=\"890\" data-end=\"941\">\n<li data-start=\"890\" data-end=\"941\">\n<p data-start=\"892\" data-end=\"941\">Incluye 2 cartas raras m\u00edticas foil tradicionales<\/p>\n<\/li>\n<\/ul>\n<\/li>\n<li data-start=\"942\" data-end=\"966\">\n<p data-start=\"944\" data-end=\"966\">10 fichas de dos caras<\/p>\n<\/li>\n<li data-start=\"967\" data-end=\"984\">\n<p data-start=\"969\" data-end=\"984\">Caja guardamazo<\/p>\n<\/li>\n<li data-start=\"985\" data-end=\"1005\">\n<p data-start=\"987\" data-end=\"1005\">Hoja de estrategia<\/p>\n<\/li>\n<li data-start=\"1006\" data-end=\"1029\">\n<p data-start=\"1008\" data-end=\"1029\">Tarjeta de referencia<\/p>\n<\/li>\n<li data-start=\"1030\" data-end=\"1069\">\n<p data-start=\"1032\" data-end=\"1069\">Tarjeta de contadores destroquelables<\/p>\n<\/li>\n<\/ul>\n","protected":false},"excerpt":{"rendered":"<p>MTG: Lorwyn Eclipsed \u2013 Mazo Commander (Espa\u00f1ol) Desata el poder de Cenizeida y domina el campo de batalla invocando Elementales gigantes a coste reducido. Aprovecha sus devastadores efectos al entrar en juego y, si estos colosos deben ser sacrificados, no temas: Cenizeida puede copiarlos y mantener la presi\u00f3n. Viaja al plano en constante transformaci\u00f3n de [&hellip;]<\/p>\n","protected":false},"featured_media":1447,"template":"","meta":[],"product_brand":[47],"product_cat":[148,27,146,26],"product_tag":[],"class_list":{"0":"post-1446","1":"product","2":"type-product","3":"status-publish","4":"has-post-thumbnail","6":"product_brand-magic-the-gathering","7":"product_cat-le","8":"product_cat-magicthegathering","9":"product_cat-ofertas","10":"product_cat-tcg","12":"first","13":"instock","14":"sale","15":"taxable","16":"shipping-taxable","17":"purchasable","18":"product-type-simple"},"jetpack_sharing_enabled":true,"_links":{"self":[{"href":"https:\/\/hydrastoretcg.cl\/index.php?rest_route=\/wp\/v2\/product\/1446","targetHints":{"allow":["GET"]}}],"collection":[{"href":"https:\/\/hydrastoretcg.cl\/index.php?rest_route=\/wp\/v2\/product"}],"about":[{"href":"https:\/\/hydrastoretcg.cl\/index.php?rest_route=\/wp\/v2\/types\/product"}],"wp:featuredmedia":[{"embeddable":true,"href":"https:\/\/hydrastoretcg.cl\/index.php?rest_route=\/wp\/v2\/media\/1447"}],"wp:attachment":[{"href":"https:\/\/hydrastoretcg.cl\/index.php?rest_route=%2Fwp%2Fv2%2Fmedia&parent=1446"}],"wp:term":[{"taxonomy":"product_brand","embeddable":true,"href":"https:\/\/hydrastoretcg.cl\/index.php?rest_route=%2Fwp%2Fv2%2Fproduct_brand&post=1446"},{"taxonomy":"product_cat","embeddable":true,"href":"https:\/\/hydrastoretcg.cl\/index.php?rest_route=%2Fwp%2Fv2%2Fproduct_cat&post=1446"},{"taxonomy":"product_tag","embeddable":true,"href":"https:\/\/hydrastoretcg.cl\/index.php?rest_route=%2Fwp%2Fv2%2Fproduct_tag&post=1446"}],"curies":[{"name":"wp","href":"https:\/\/api.w.org\/{rel}","templated":true}]}}