{"id":1429,"date":"2026-01-02T17:33:25","date_gmt":"2026-01-02T20:33:25","guid":{"rendered":"https:\/\/hydrastoretcg.cl\/?post_type=product&#038;p=1429"},"modified":"2026-04-01T22:32:40","modified_gmt":"2026-04-02T01:32:40","slug":"scene-box-avatar-the-black-sun-invasion","status":"publish","type":"product","link":"https:\/\/hydrastoretcg.cl\/?product=scene-box-avatar-the-black-sun-invasion","title":{"rendered":"Scene Box Avatar The black sun invasion"},"content":{"rendered":"<p><em data-start=\"56\" data-end=\"84\">Avatar: The Last Airbender<\/em> en Magic: The Gathering con la escena La Invasi\u00f3n del Sol Negro, donde el Equipo Avatar enfrenta a la Naci\u00f3n del Fuego durante el eclipse.<br data-start=\"227\" data-end=\"230\" \/>Incluye 6 cartas foil sin borde que forman la escena, 6 cartas solo arte para exhibici\u00f3n y 3 sobres de juego. Ideal para jugar y coleccionar.<\/p>\n","protected":false},"excerpt":{"rendered":"<p>Avatar: The Last Airbender en Magic: The Gathering con la escena La Invasi\u00f3n del Sol Negro, donde el Equipo Avatar enfrenta a la Naci\u00f3n del Fuego durante el eclipse.Incluye 6 cartas foil sin borde que forman la escena, 6 cartas solo arte para exhibici\u00f3n y 3 sobres de juego. Ideal para jugar y coleccionar.<\/p>\n","protected":false},"featured_media":1430,"template":"","meta":[],"product_brand":[47],"product_cat":[149,27,26],"product_tag":[],"class_list":{"0":"post-1429","1":"product","2":"type-product","3":"status-publish","4":"has-post-thumbnail","6":"product_brand-magic-the-gathering","7":"product_cat-avatar","8":"product_cat-magicthegathering","9":"product_cat-tcg","11":"first","12":"outofstock","13":"taxable","14":"shipping-taxable","15":"purchasable","16":"product-type-simple"},"jetpack_sharing_enabled":true,"_links":{"self":[{"href":"https:\/\/hydrastoretcg.cl\/index.php?rest_route=\/wp\/v2\/product\/1429","targetHints":{"allow":["GET"]}}],"collection":[{"href":"https:\/\/hydrastoretcg.cl\/index.php?rest_route=\/wp\/v2\/product"}],"about":[{"href":"https:\/\/hydrastoretcg.cl\/index.php?rest_route=\/wp\/v2\/types\/product"}],"wp:featuredmedia":[{"embeddable":true,"href":"https:\/\/hydrastoretcg.cl\/index.php?rest_route=\/wp\/v2\/media\/1430"}],"wp:attachment":[{"href":"https:\/\/hydrastoretcg.cl\/index.php?rest_route=%2Fwp%2Fv2%2Fmedia&parent=1429"}],"wp:term":[{"taxonomy":"product_brand","embeddable":true,"href":"https:\/\/hydrastoretcg.cl\/index.php?rest_route=%2Fwp%2Fv2%2Fproduct_brand&post=1429"},{"taxonomy":"product_cat","embeddable":true,"href":"https:\/\/hydrastoretcg.cl\/index.php?rest_route=%2Fwp%2Fv2%2Fproduct_cat&post=1429"},{"taxonomy":"product_tag","embeddable":true,"href":"https:\/\/hydrastoretcg.cl\/index.php?rest_route=%2Fwp%2Fv2%2Fproduct_tag&post=1429"}],"curies":[{"name":"wp","href":"https:\/\/api.w.org\/{rel}","templated":true}]}}