{"id":1001,"date":"2025-10-29T19:27:23","date_gmt":"2025-10-29T22:27:23","guid":{"rendered":"https:\/\/hydrastoretcg.cl\/?post_type=product&#038;p=1001"},"modified":"2026-04-02T12:56:17","modified_gmt":"2026-04-02T15:56:17","slug":"sobre-mega-evolution-ingles","status":"publish","type":"product","link":"https:\/\/hydrastoretcg.cl\/?product=sobre-mega-evolution-ingles","title":{"rendered":"Sobre &#8211; Mega Evolution &#8211; Ingl\u00e9s"},"content":{"rendered":"<p>Descubre el m\u00e1ximo potencial de tus pok\u00e9mon con las nuevas mega evoluciones de Pok\u00e9mon TCG. Mejora tu deck ahora con este booster de 10 cartas.<\/p>\n","protected":false},"excerpt":{"rendered":"<p>Descubre el m\u00e1ximo potencial de tus pok\u00e9mon con las nuevas mega evoluciones de Pok\u00e9mon TCG. Mejora tu deck ahora con este booster de 10 cartas.<\/p>\n","protected":false},"featured_media":1002,"template":"","meta":[],"product_brand":[52],"product_cat":[165,28,26],"product_tag":[60,100,106,38],"class_list":{"0":"post-1001","1":"product","2":"type-product","3":"status-publish","4":"has-post-thumbnail","6":"product_brand-pokemon-tcg","7":"product_cat-megaevolution","8":"product_cat-pokemon","9":"product_cat-tcg","10":"product_tag-booster","11":"product_tag-megaevoluciones","12":"product_tag-megaevolution","13":"product_tag-pokemon","15":"first","16":"outofstock","17":"taxable","18":"shipping-taxable","19":"purchasable","20":"product-type-simple"},"jetpack_sharing_enabled":true,"_links":{"self":[{"href":"https:\/\/hydrastoretcg.cl\/index.php?rest_route=\/wp\/v2\/product\/1001","targetHints":{"allow":["GET"]}}],"collection":[{"href":"https:\/\/hydrastoretcg.cl\/index.php?rest_route=\/wp\/v2\/product"}],"about":[{"href":"https:\/\/hydrastoretcg.cl\/index.php?rest_route=\/wp\/v2\/types\/product"}],"wp:featuredmedia":[{"embeddable":true,"href":"https:\/\/hydrastoretcg.cl\/index.php?rest_route=\/wp\/v2\/media\/1002"}],"wp:attachment":[{"href":"https:\/\/hydrastoretcg.cl\/index.php?rest_route=%2Fwp%2Fv2%2Fmedia&parent=1001"}],"wp:term":[{"taxonomy":"product_brand","embeddable":true,"href":"https:\/\/hydrastoretcg.cl\/index.php?rest_route=%2Fwp%2Fv2%2Fproduct_brand&post=1001"},{"taxonomy":"product_cat","embeddable":true,"href":"https:\/\/hydrastoretcg.cl\/index.php?rest_route=%2Fwp%2Fv2%2Fproduct_cat&post=1001"},{"taxonomy":"product_tag","embeddable":true,"href":"https:\/\/hydrastoretcg.cl\/index.php?rest_route=%2Fwp%2Fv2%2Fproduct_tag&post=1001"}],"curies":[{"name":"wp","href":"https:\/\/api.w.org\/{rel}","templated":true}]}}